{"id":8394,"date":"2024-05-10T10:55:16","date_gmt":"2024-05-10T10:55:16","guid":{"rendered":"https:\/\/www.clarel.es\/blog\/?page_id=8394"},"modified":"2025-09-02T16:26:00","modified_gmt":"2025-09-02T16:26:00","slug":"grupo-trinity-y-clarel","status":"publish","type":"page","link":"https:\/\/www.clarel.es\/blog\/grupo-trinity-y-clarel\/","title":{"rendered":"Grupo Trinity y Clarel"},"content":{"rendered":"\t\t<div data-elementor-type=\"wp-page\" data-elementor-id=\"8394\" class=\"elementor elementor-8394\" data-elementor-post-type=\"page\">\n\t\t\t\t<div class=\"elementor-element elementor-element-609f4d39 e-flex e-con-boxed e-con e-parent\" data-id=\"609f4d39\" data-element_type=\"container\">\n\t\t\t\t\t<div class=\"e-con-inner\">\n\t\t\t\t<div class=\"elementor-element elementor-element-262e740 elementor-widget elementor-widget-text-editor\" data-id=\"262e740\" data-element_type=\"widget\" data-widget_type=\"text-editor.default\">\n\t\t\t\t<div class=\"elementor-widget-container\">\n\t\t\t\t\t\t\t\t\t<div style=\"margin: 0px 0px 29.6944px;padding: 0px;border: 0px;font-size: 31px;vertical-align: baseline;background-image: initial;background-position: 50% center;background-size: cover;background-repeat: no-repeat;background-attachment: initial;position: relative;font-family: 'Gelica Light', Helvetica, Arial, Lucida, sans-serif;line-height: 1em;color: #f5a573 !important\"><div style=\"margin: 0px;padding: 0px;border: 0px;vertical-align: baseline;background: transparent;position: relative\"><p style=\"margin: 0px;padding: 0px;border: 0px;vertical-align: baseline;background: transparent\">Grupo Trinity y Clarel anuncian un plan que multiplicar\u00e1 la inversi\u00f3n en tienda y repercutir\u00e1 en un aumento del empleo.<\/p><\/div><\/div>\t\t\t\t\t\t\t\t<\/div>\n\t\t\t\t<\/div>\n\t\t\t\t<div class=\"elementor-element elementor-element-fcb396d elementor-widget elementor-widget-image\" data-id=\"fcb396d\" data-element_type=\"widget\" data-widget_type=\"image.default\">\n\t\t\t\t<div class=\"elementor-widget-container\">\n\t\t\t\t\t\t\t\t\t\t\t\t\t\t\t<img decoding=\"async\" src=\"https:\/\/blog-clarel.imgix.net\/2024\/05\/clarel-trinity_acuerdo.png?auto=format%2Ccompress&amp;ixlib=php-3.3.0&amp;w=1296\" title=\"\" alt=\"\" loading=\"lazy\" \/>\t\t\t\t\t\t\t\t\t\t\t\t\t\t\t<\/div>\n\t\t\t\t<\/div>\n\t\t\t\t<div class=\"elementor-element elementor-element-19ed49f elementor-widget elementor-widget-text-editor\" data-id=\"19ed49f\" data-element_type=\"widget\" data-widget_type=\"text-editor.default\">\n\t\t\t\t<div class=\"elementor-widget-container\">\n\t\t\t\t\t\t\t\t\t<div class=\"et_pb_module et_pb_text et_pb_text_1  et_pb_text_align_left et_pb_bg_layout_light\" style=\"margin: 0px 0px 29.6944px;padding: 0px;border: 0px;font-size: 14px;vertical-align: baseline;background-image: initial;background-position: 50% center;background-size: cover;background-repeat: no-repeat;background-attachment: initial;position: relative;color: #666666;font-family: Poppins, Helvetica, Arial, Lucida, sans-serif\"><div class=\"et_pb_text_inner\" style=\"margin: 0px;padding: 0px;border: 0px;vertical-align: baseline;background: transparent;position: relative\"><ul style=\"margin: 0px;padding: 0px 0px 1em 1em;font-size: 14px;line-height: 26px\"><li style=\"margin: 0px;padding: 0px;font-size: 14px\">Grupo Trinity ratific\u00f3 al CEO de Clarel, Jos\u00e9 Mar\u00eda Jim\u00e9nez, quien liderar\u00e1 la nueva estrategia para la compa\u00f1\u00eda.<\/li><li style=\"margin: 0px;padding: 0px;font-size: 14px\">El respaldo del Grupo Trinity permitir\u00e1 a Clarel poner en marcha un ambicioso plan como l\u00edder en proximidad de belleza, cuidado personal y del hogar.<\/li><li style=\"margin: 0px;padding: 0px;font-size: 14px\">Los directivos de ambas compa\u00f1\u00edas han insistido en su voluntad de \u201cconstruir sobre lo construido\u201d para seguir creciendo y, en consecuencia, creando empleo.<\/li><\/ul><\/div><\/div><div class=\"et_pb_module et_pb_text et_pb_text_2  et_pb_text_align_left et_pb_bg_layout_light\" style=\"margin: 0px 0px 29.6944px;padding: 0px;border: 0px;font-size: 14px;vertical-align: baseline;background-image: initial;background-position: 50% center;background-size: cover;background-repeat: no-repeat;background-attachment: initial;position: relative;font-family: Poppins, Helvetica, Arial, Lucida, sans-serif;color: #666666\"><div class=\"et_pb_text_inner\" style=\"margin: 0px;padding: 0px;border: 0px;vertical-align: baseline;background: transparent;position: relative\"><p style=\"margin: 0px;padding: 0px;border: 0px;vertical-align: baseline;background: transparent\"><span style=\"margin: 0px;padding: 0px;border: 0px;vertical-align: baseline;background: transparent;font-weight: bold\">Madrid, 10 de abril de 2024<\/span><\/p><\/div><\/div><div class=\"et_pb_module et_pb_text et_pb_text_3  et_pb_text_align_left et_pb_bg_layout_light\" style=\"margin: 0px 0px 29.6944px;border: 0px;font-size: 14px;vertical-align: baseline;background-image: initial;background-position: 50% center;background-size: cover;background-repeat: no-repeat;background-attachment: initial;position: relative;color: #666666;font-family: Poppins, Helvetica, Arial, Lucida, sans-serif;padding: 0px 0px 0px !important 0px\"><div class=\"et_pb_text_inner\" style=\"margin: 0px;padding: 0px;border: 0px;vertical-align: baseline;background: transparent;position: relative\"><p style=\"margin: 0px;padding: 0px 0px 1em;border: 0px;vertical-align: baseline;background: transparent\">Clarel ha dado este mi\u00e9rcoles el pistoletazo de salida a una nueva e ilusionante etapa tras su adquisici\u00f3n por parte de Grupo Trinity. Ambas compa\u00f1\u00edas han anunciado que multiplicar\u00e1n la inversi\u00f3n en tienda, lo que repercutir\u00e1 en un aumento del empleo. Este plan consolidar\u00e1 a Clarel, con sus cerca de 1.000 tiendas, como l\u00edder en proximidad de belleza, cuidado personal y del hogar.<br \/>Adem\u00e1s, Grupo Trinity ha ratificado a Jos\u00e9 Mar\u00eda Jim\u00e9nez como CEO de Clarel, una decisi\u00f3n que confirma el respaldo a la experiencia y conocimiento en el desarrollo de la marca. En esta nueva fase Clarel seguir\u00e1 honrando su prop\u00f3sito de orientarse al bienestar de sus clientes y mantenerse fiel a su propuesta de valor centrada en la cercan\u00eda y la proximidad.<br \/>\u201cPara Grupo Trinity la adquisici\u00f3n de Clarel simboliza nuestra llegada a Espa\u00f1a y nos llena de ilusi\u00f3n y compromiso. Venimos a aportar nuestra visi\u00f3n empresarial sustentada en el respeto, la inspiraci\u00f3n y la generaci\u00f3n de valor. Creemos en el valor de la experiencia; por eso venimos a construir sobre lo construido. Juntos haremos de Clarel una de las marcas m\u00e1s queridas por los espa\u00f1oles\u201d, ha se\u00f1alado Iv\u00e1n Trujillo, CEO de Grupo Trinity.<br \/>\u201cHemos iniciado un plan muy importante para el futuro de Clarel y las posibilidades de crecimiento est\u00e1n s\u00f3lo empezando: vamos a multiplicar la inversi\u00f3n en tienda, lo que repercutir\u00e1 en un aumento del empleo\u201d, ha declarado Jos\u00e9 Mar\u00eda Jim\u00e9nez, CEO de Clarel. \u201cTrabajamos todos los d\u00edas para que los m\u00e1s de 110.000 consumidores que acuden a nuestras tiendas encuentren un surtido de 7.800 referencias de art\u00edculos de belleza y cuidado de gran calidad con el mejor balance para su econom\u00eda\u201d.<br \/>La incorporaci\u00f3n de Clarel al Grupo Trinity supone un hito en la relaci\u00f3n econ\u00f3mica entre Espa\u00f1a y Colombia al ser, hasta la fecha, la mayor inversi\u00f3n de un grupo colombiano en el pa\u00eds. Esta operaci\u00f3n es, adem\u00e1s, un impulso para la construcci\u00f3n del futuro de una marca que ha venido posicion\u00e1ndose como referente en su segmento.<br \/>El cierre de la compra fue anunciado al mercado el pasado primero de abril tras cumplir todos los requisitos legales. Clarel se une a Grupo Trinity como una empresa consolidada y rentable con un Ebitda en 2023 de 11,6 millones de euros -el doble que en 2022-, 5,4 millones de euros de beneficio y un incremento del 3,1% en las ventas, que han ascendido a un total de 263<\/p><p style=\"margin: 0px;padding: 0px;border: 0px;vertical-align: baseline;background: transparent\">millones de euros. La presentaci\u00f3n oficial de esta nueva etapa de Clarel, ahora liderada por Grupo Trinity, ha tenido lugar el d\u00eda de hoy en un evento desarrollado en la Residencia de la Embajada de Colombia en Espa\u00f1a, al que asistieron cerca de 200 personas, entre l\u00edderes empresariales, de gobierno, y otras personalidades.<br \/>La presentaci\u00f3n oficial de esta nueva etapa de Clarel, ahora liderada por Grupo Trinity, ha tenido lugar el d\u00eda de hoy en un evento desarrollado en la Residencia de la Embajada de Colombia en Espa\u00f1a, al que asistieron cerca de 200 personas, entre l\u00edderes empresariales, de gobierno, y otras personalidades.<\/p><\/div><\/div><div class=\"et_pb_module et_pb_text et_pb_text_4  et_pb_text_align_left et_pb_bg_layout_light\" style=\"margin: 0px 0px 4px;padding: 0px;border: 0px;font-size: 14px;vertical-align: baseline;background-image: initial;background-position: 50% center;background-size: cover;background-repeat: no-repeat;background-attachment: initial;position: relative;font-family: Poppins, Helvetica, Arial, Lucida, sans-serif;color: #f5a573 !important\"><div class=\"et_pb_text_inner\" style=\"margin: 0px;padding: 0px;border: 0px;vertical-align: baseline;background: transparent;position: relative\"><p style=\"margin: 0px;padding: 0px;border: 0px;vertical-align: baseline;background: transparent\">SOBRE LAS EMPRESAS:<\/p><\/div><\/div><div class=\"et_pb_module et_pb_text et_pb_text_5  et_pb_text_align_left et_pb_bg_layout_light\" style=\"margin: 0px;border: 0px;font-size: 14px;vertical-align: baseline;background-image: initial;background-position: 50% center;background-size: cover;background-repeat: no-repeat;background-attachment: initial;position: relative;color: #666666;font-family: Poppins, Helvetica, Arial, Lucida, sans-serif;padding: 0px 0px 0px !important 0px\"><div class=\"et_pb_text_inner\" style=\"margin: 0px;padding: 0px;border: 0px;vertical-align: baseline;background: transparent;position: relative\"><p style=\"margin: 0px;padding: 0px 0px 1em;border: 0px;vertical-align: baseline;background: transparent\">Grupo Trinity es un grupo empresarial originado en Colombia con presencia hoy en cuatro pa\u00edses, incluido Espa\u00f1a. Participa en inversiones estrat\u00e9gicas en cuatro verticales de negocio: industria, retail, y hospitality (turismo de aventura, de negocios, y restaurantes) y venture capital. A partir de las empresas que hacen parte de su portafolio, Grupo Trinity genera 14.500 empleos en Am\u00e9rica y Europa. Tras la adquisici\u00f3n de Clarel, se convirti\u00f3 en el mayor inversionista empresarial colombiano en el mercado espa\u00f1ol de fusiones y adquisiciones M&amp;A.<\/p><p style=\"margin: 0px;padding: 0px 0px 1em;border: 0px;vertical-align: baseline;background: transparent\">Prop\u00f3sito corporativo: \u2018Grupo Trinity, generando esperanza en el progreso\u2019.<\/p><p style=\"margin: 0px;padding: 0px 0px 1em;border: 0px;vertical-align: baseline;background: transparent\"><a style=\"margin: 0px;padding: 0px;border: 0px;vertical-align: baseline;background-image: initial;background-position: initial;background-size: initial;background-repeat: initial;background-attachment: initial;color: #edb059\" href=\"http:\/\/www.grupotrinity.co\/\" target=\"_blank\" rel=\"noopener\">www.grupotrinity.co<\/a><\/p><p style=\"margin: 0px;padding: 0px 0px 1em;border: 0px;vertical-align: baseline;background: transparent\">Clarel se erige como la tienda l\u00edder en proximidad de belleza, cuidado personal y del hogar que fundamenta su identidad en la importancia de estar cerca, con establecimientos estrat\u00e9gicamente posicionados a tan solo un paso de sus clientes. Clarel atesora una trayectoria de m\u00e1s de 11 a\u00f1os en el mercado y ofrece una amplia gama de productos que abarcan desde cosm\u00e9ticos hasta soluciones de higiene personal y cuidado del hogar.<\/p><p style=\"margin: 0px;padding: 0px 0px 1em;border: 0px;vertical-align: baseline;background: transparent\">La compa\u00f1\u00eda se diferencia gracias a sus marcas exclusivas, como bont\u00e9, NeSk, Hogarel y AS, que a\u00f1aden un elemento distintivo a su propuesta. Consolidando su posici\u00f3n en Espa\u00f1a, con una extensa red que alcanza casi las 1.000 tiendas, la misi\u00f3n de Clarel es acercar a sus clientes el cuidado personal y del hogar, haciendo especial el bienestar y la belleza de lo cotidiano.<\/p><p style=\"margin: 0px;padding: 0px 0px 1em;border: 0px;vertical-align: baseline;background: transparent\">Prop\u00f3sito corporativo: \u2018Acercar el cuidado personal y del hogar, haciendo especial el bienestar y la belleza de lo cotidiano\u2019.<\/p><p style=\"margin: 0px;padding: 0px;border: 0px;vertical-align: baseline;background: transparent\"><a style=\"margin: 0px;padding: 0px;border: 0px;vertical-align: baseline;background-image: initial;background-position: initial;background-size: initial;background-repeat: initial;background-attachment: initial;color: #edb059\" href=\"http:\/\/www.clarel.es\/\" target=\"_blank\" rel=\"noopener\">www.clarel.es<\/a><\/p><\/div><\/div>\t\t\t\t\t\t\t\t<\/div>\n\t\t\t\t<\/div>\n\t\t\t\t\t<\/div>\n\t\t\t\t<\/div>\n\t\t<div class=\"elementor-element elementor-element-8a01ea5 e-flex e-con-boxed e-con e-parent\" data-id=\"8a01ea5\" data-element_type=\"container\">\n\t\t\t\t\t<div class=\"e-con-inner\">\n\t\t<div class=\"elementor-element elementor-element-47b2786 e-con-full e-flex e-con e-child\" data-id=\"47b2786\" data-element_type=\"container\">\n\t\t\t\t<div class=\"elementor-element elementor-element-3577e91 elementor-widget elementor-widget-image\" data-id=\"3577e91\" data-element_type=\"widget\" data-widget_type=\"image.default\">\n\t\t\t\t<div class=\"elementor-widget-container\">\n\t\t\t\t\t\t\t\t\t\t\t\t\t\t\t<img decoding=\"async\" src=\"https:\/\/blog-clarel.imgix.net\/2024\/05\/Impacto-10.png?\" title=\"\" alt=\"\" loading=\"lazy\" \/>\t\t\t\t\t\t\t\t\t\t\t\t\t\t\t<\/div>\n\t\t\t\t<\/div>\n\t\t\t\t<\/div>\n\t\t<div class=\"elementor-element elementor-element-f4ca8e7 e-con-full e-flex e-con e-child\" data-id=\"f4ca8e7\" data-element_type=\"container\">\n\t\t\t\t<div class=\"elementor-element elementor-element-b495835 elementor-widget elementor-widget-image\" data-id=\"b495835\" data-element_type=\"widget\" data-widget_type=\"image.default\">\n\t\t\t\t<div class=\"elementor-widget-container\">\n\t\t\t\t\t\t\t\t\t\t\t\t\t\t\t<img decoding=\"async\" src=\"https:\/\/blog-clarel.imgix.net\/2024\/05\/Impacto-13.png?\" title=\"\" alt=\"\" loading=\"lazy\" \/>\t\t\t\t\t\t\t\t\t\t\t\t\t\t\t<\/div>\n\t\t\t\t<\/div>\n\t\t\t\t<\/div>\n\t\t<div class=\"elementor-element elementor-element-a345ad2 e-con-full e-flex e-con e-child\" data-id=\"a345ad2\" data-element_type=\"container\">\n\t\t\t\t<div class=\"elementor-element elementor-element-22bb039 elementor-widget elementor-widget-image\" data-id=\"22bb039\" data-element_type=\"widget\" data-widget_type=\"image.default\">\n\t\t\t\t<div class=\"elementor-widget-container\">\n\t\t\t\t\t\t\t\t\t\t\t\t\t\t\t<img decoding=\"async\" src=\"https:\/\/blog-clarel.imgix.net\/2024\/05\/Impacto-8.png\" title=\"\" alt=\"\" loading=\"lazy\" \/>\t\t\t\t\t\t\t\t\t\t\t\t\t\t\t<\/div>\n\t\t\t\t<\/div>\n\t\t\t\t<\/div>\n\t\t\t\t\t<\/div>\n\t\t\t\t<\/div>\n\t\t\t\t<\/div>\n\t\t","protected":false},"excerpt":{"rendered":"<p>Grupo Trinity y Clarel anuncian un plan que multiplicar\u00e1 la inversi\u00f3n en tienda y repercutir\u00e1 en un aumento del empleo. Grupo Trinity ratific\u00f3 al CEO de Clarel, Jos\u00e9 Mar\u00eda Jim\u00e9nez, quien liderar\u00e1 la nueva estrategia para la compa\u00f1\u00eda. El respaldo del Grupo Trinity permitir\u00e1 a Clarel poner en marcha un ambicioso plan como l\u00edder en [&hellip;]<\/p>\n","protected":false},"author":5,"featured_media":0,"parent":0,"menu_order":0,"comment_status":"closed","ping_status":"closed","template":"elementor_header_footer","meta":{"footnotes":""},"class_list":["post-8394","page","type-page","status-publish","hentry"],"yoast_head":"<!-- This site is optimized with the Yoast SEO plugin v25.4 - https:\/\/yoast.com\/wordpress\/plugins\/seo\/ -->\n<title>Grupo Trinity y Clarel anuncian un nuevo plan.<\/title>\n<meta name=\"description\" content=\"Grupo Trinity y Clarel anuncian un plan que multiplicar\u00e1 la inversi\u00f3n en tienda y repercutir\u00e1 en un aumento del empleo\" \/>\n<meta name=\"robots\" content=\"index, follow, max-snippet:-1, max-image-preview:large, max-video-preview:-1\" \/>\n<link rel=\"canonical\" href=\"https:\/\/www.clarel.es\/blog\/grupo-trinity-y-clarel\/\" \/>\n<meta property=\"og:locale\" content=\"es_ES\" \/>\n<meta property=\"og:type\" content=\"article\" \/>\n<meta property=\"og:title\" content=\"Grupo Trinity y Clarel anuncian un nuevo plan.\" \/>\n<meta property=\"og:description\" content=\"Grupo Trinity y Clarel anuncian un plan que multiplicar\u00e1 la inversi\u00f3n en tienda y repercutir\u00e1 en un aumento del empleo\" \/>\n<meta property=\"og:url\" content=\"https:\/\/www.clarel.es\/blog\/grupo-trinity-y-clarel\/\" \/>\n<meta property=\"og:site_name\" content=\"Clarel\" \/>\n<meta property=\"article:modified_time\" content=\"2025-09-02T16:26:00+00:00\" \/>\n<meta property=\"og:image\" content=\"https:\/\/blog-clarel.imgix.net\/2024\/05\/clarel-trinity_acuerdo.png?auto=format%2Ccompress&amp;ixlib=php-3.3.0&amp;w=1296\" \/>\n<meta name=\"twitter:card\" content=\"summary_large_image\" \/>\n<script type=\"application\/ld+json\" class=\"yoast-schema-graph\">{\"@context\":\"https:\/\/schema.org\",\"@graph\":[{\"@type\":\"WebPage\",\"@id\":\"https:\/\/www.clarel.es\/blog\/grupo-trinity-y-clarel\/\",\"url\":\"https:\/\/www.clarel.es\/blog\/grupo-trinity-y-clarel\/\",\"name\":\"Grupo Trinity y Clarel anuncian un nuevo plan.\",\"isPartOf\":{\"@id\":\"https:\/\/www.clarel.es\/blog\/#website\"},\"primaryImageOfPage\":{\"@id\":\"https:\/\/www.clarel.es\/blog\/grupo-trinity-y-clarel\/#primaryimage\"},\"image\":{\"@id\":\"https:\/\/www.clarel.es\/blog\/grupo-trinity-y-clarel\/#primaryimage\"},\"thumbnailUrl\":\"https:\/\/blog-clarel.imgix.net\/2024\/05\/clarel-trinity_acuerdo.png?auto=format%2Ccompress&amp;ixlib=php-3.3.0&amp;w=1296\",\"datePublished\":\"2024-05-10T10:55:16+00:00\",\"dateModified\":\"2025-09-02T16:26:00+00:00\",\"description\":\"Grupo Trinity y Clarel anuncian un plan que multiplicar\u00e1 la inversi\u00f3n en tienda y repercutir\u00e1 en un aumento del empleo\",\"breadcrumb\":{\"@id\":\"https:\/\/www.clarel.es\/blog\/grupo-trinity-y-clarel\/#breadcrumb\"},\"inLanguage\":\"es\",\"potentialAction\":[{\"@type\":\"ReadAction\",\"target\":[\"https:\/\/www.clarel.es\/blog\/grupo-trinity-y-clarel\/\"]}]},{\"@type\":\"ImageObject\",\"inLanguage\":\"es\",\"@id\":\"https:\/\/www.clarel.es\/blog\/grupo-trinity-y-clarel\/#primaryimage\",\"url\":\"https:\/\/blog-clarel.imgix.net\/2024\/05\/clarel-trinity_acuerdo.png?auto=format%2Ccompress&amp;ixlib=php-3.3.0&amp;w=1296\",\"contentUrl\":\"https:\/\/blog-clarel.imgix.net\/2024\/05\/clarel-trinity_acuerdo.png?auto=format%2Ccompress&amp;ixlib=php-3.3.0&amp;w=1296\"},{\"@type\":\"BreadcrumbList\",\"@id\":\"https:\/\/www.clarel.es\/blog\/grupo-trinity-y-clarel\/#breadcrumb\",\"itemListElement\":[{\"@type\":\"ListItem\",\"position\":1,\"name\":\"Portada\",\"item\":\"https:\/\/www.clarel.es\/blog\/\"},{\"@type\":\"ListItem\",\"position\":2,\"name\":\"Grupo Trinity y Clarel\"}]},{\"@type\":\"WebSite\",\"@id\":\"https:\/\/www.clarel.es\/blog\/#website\",\"url\":\"https:\/\/www.clarel.es\/blog\/\",\"name\":\"Clarel\",\"description\":\"Tienda Online de perfumeria, cosmetica, maquillaje y hogar.\",\"publisher\":{\"@id\":\"https:\/\/www.clarel.es\/blog\/#organization\"},\"potentialAction\":[{\"@type\":\"SearchAction\",\"target\":{\"@type\":\"EntryPoint\",\"urlTemplate\":\"https:\/\/www.clarel.es\/blog\/?s={search_term_string}\"},\"query-input\":{\"@type\":\"PropertyValueSpecification\",\"valueRequired\":true,\"valueName\":\"search_term_string\"}}],\"inLanguage\":\"es\"},{\"@type\":\"Organization\",\"@id\":\"https:\/\/www.clarel.es\/blog\/#organization\",\"name\":\"Clarel\",\"url\":\"https:\/\/www.clarel.es\/blog\/\",\"logo\":{\"@type\":\"ImageObject\",\"inLanguage\":\"es\",\"@id\":\"https:\/\/www.clarel.es\/blog\/#\/schema\/logo\/image\/\",\"url\":\"https:\/\/clarel-test.ezenit.link\/blog\/wp-content\/uploads\/2022\/08\/logo_clarel.png\",\"contentUrl\":\"https:\/\/clarel-test.ezenit.link\/blog\/wp-content\/uploads\/2022\/08\/logo_clarel.png\",\"width\":432,\"height\":101,\"caption\":\"Clarel\"},\"image\":{\"@id\":\"https:\/\/www.clarel.es\/blog\/#\/schema\/logo\/image\/\"}}]}<\/script>\n<!-- \/ Yoast SEO plugin. -->","yoast_head_json":{"title":"Grupo Trinity y Clarel anuncian un nuevo plan.","description":"Grupo Trinity y Clarel anuncian un plan que multiplicar\u00e1 la inversi\u00f3n en tienda y repercutir\u00e1 en un aumento del empleo","robots":{"index":"index","follow":"follow","max-snippet":"max-snippet:-1","max-image-preview":"max-image-preview:large","max-video-preview":"max-video-preview:-1"},"canonical":"https:\/\/www.clarel.es\/blog\/grupo-trinity-y-clarel\/","og_locale":"es_ES","og_type":"article","og_title":"Grupo Trinity y Clarel anuncian un nuevo plan.","og_description":"Grupo Trinity y Clarel anuncian un plan que multiplicar\u00e1 la inversi\u00f3n en tienda y repercutir\u00e1 en un aumento del empleo","og_url":"https:\/\/www.clarel.es\/blog\/grupo-trinity-y-clarel\/","og_site_name":"Clarel","article_modified_time":"2025-09-02T16:26:00+00:00","og_image":[{"url":"https:\/\/blog-clarel.imgix.net\/2024\/05\/clarel-trinity_acuerdo.png?auto=format%2Ccompress&amp;ixlib=php-3.3.0&amp;w=1296","type":"","width":"","height":""}],"twitter_card":"summary_large_image","schema":{"@context":"https:\/\/schema.org","@graph":[{"@type":"WebPage","@id":"https:\/\/www.clarel.es\/blog\/grupo-trinity-y-clarel\/","url":"https:\/\/www.clarel.es\/blog\/grupo-trinity-y-clarel\/","name":"Grupo Trinity y Clarel anuncian un nuevo plan.","isPartOf":{"@id":"https:\/\/www.clarel.es\/blog\/#website"},"primaryImageOfPage":{"@id":"https:\/\/www.clarel.es\/blog\/grupo-trinity-y-clarel\/#primaryimage"},"image":{"@id":"https:\/\/www.clarel.es\/blog\/grupo-trinity-y-clarel\/#primaryimage"},"thumbnailUrl":"https:\/\/blog-clarel.imgix.net\/2024\/05\/clarel-trinity_acuerdo.png?auto=format%2Ccompress&amp;ixlib=php-3.3.0&amp;w=1296","datePublished":"2024-05-10T10:55:16+00:00","dateModified":"2025-09-02T16:26:00+00:00","description":"Grupo Trinity y Clarel anuncian un plan que multiplicar\u00e1 la inversi\u00f3n en tienda y repercutir\u00e1 en un aumento del empleo","breadcrumb":{"@id":"https:\/\/www.clarel.es\/blog\/grupo-trinity-y-clarel\/#breadcrumb"},"inLanguage":"es","potentialAction":[{"@type":"ReadAction","target":["https:\/\/www.clarel.es\/blog\/grupo-trinity-y-clarel\/"]}]},{"@type":"ImageObject","inLanguage":"es","@id":"https:\/\/www.clarel.es\/blog\/grupo-trinity-y-clarel\/#primaryimage","url":"https:\/\/blog-clarel.imgix.net\/2024\/05\/clarel-trinity_acuerdo.png?auto=format%2Ccompress&amp;ixlib=php-3.3.0&amp;w=1296","contentUrl":"https:\/\/blog-clarel.imgix.net\/2024\/05\/clarel-trinity_acuerdo.png?auto=format%2Ccompress&amp;ixlib=php-3.3.0&amp;w=1296"},{"@type":"BreadcrumbList","@id":"https:\/\/www.clarel.es\/blog\/grupo-trinity-y-clarel\/#breadcrumb","itemListElement":[{"@type":"ListItem","position":1,"name":"Portada","item":"https:\/\/www.clarel.es\/blog\/"},{"@type":"ListItem","position":2,"name":"Grupo Trinity y Clarel"}]},{"@type":"WebSite","@id":"https:\/\/www.clarel.es\/blog\/#website","url":"https:\/\/www.clarel.es\/blog\/","name":"Clarel","description":"Tienda Online de perfumeria, cosmetica, maquillaje y hogar.","publisher":{"@id":"https:\/\/www.clarel.es\/blog\/#organization"},"potentialAction":[{"@type":"SearchAction","target":{"@type":"EntryPoint","urlTemplate":"https:\/\/www.clarel.es\/blog\/?s={search_term_string}"},"query-input":{"@type":"PropertyValueSpecification","valueRequired":true,"valueName":"search_term_string"}}],"inLanguage":"es"},{"@type":"Organization","@id":"https:\/\/www.clarel.es\/blog\/#organization","name":"Clarel","url":"https:\/\/www.clarel.es\/blog\/","logo":{"@type":"ImageObject","inLanguage":"es","@id":"https:\/\/www.clarel.es\/blog\/#\/schema\/logo\/image\/","url":"https:\/\/clarel-test.ezenit.link\/blog\/wp-content\/uploads\/2022\/08\/logo_clarel.png","contentUrl":"https:\/\/clarel-test.ezenit.link\/blog\/wp-content\/uploads\/2022\/08\/logo_clarel.png","width":432,"height":101,"caption":"Clarel"},"image":{"@id":"https:\/\/www.clarel.es\/blog\/#\/schema\/logo\/image\/"}}]}},"_links":{"self":[{"href":"https:\/\/www.clarel.es\/blog\/wp-json\/wp\/v2\/pages\/8394","targetHints":{"allow":["GET"]}}],"collection":[{"href":"https:\/\/www.clarel.es\/blog\/wp-json\/wp\/v2\/pages"}],"about":[{"href":"https:\/\/www.clarel.es\/blog\/wp-json\/wp\/v2\/types\/page"}],"author":[{"embeddable":true,"href":"https:\/\/www.clarel.es\/blog\/wp-json\/wp\/v2\/users\/5"}],"replies":[{"embeddable":true,"href":"https:\/\/www.clarel.es\/blog\/wp-json\/wp\/v2\/comments?post=8394"}],"version-history":[{"count":11,"href":"https:\/\/www.clarel.es\/blog\/wp-json\/wp\/v2\/pages\/8394\/revisions"}],"predecessor-version":[{"id":14974,"href":"https:\/\/www.clarel.es\/blog\/wp-json\/wp\/v2\/pages\/8394\/revisions\/14974"}],"wp:attachment":[{"href":"https:\/\/www.clarel.es\/blog\/wp-json\/wp\/v2\/media?parent=8394"}],"curies":[{"name":"wp","href":"https:\/\/api.w.org\/{rel}","templated":true}]}}